{"id":1067,"date":"2024-08-23T22:13:34","date_gmt":"2024-08-23T22:13:34","guid":{"rendered":"https:\/\/eldom.es\/?post_type=product&#038;p=1067"},"modified":"2024-08-23T22:13:35","modified_gmt":"2024-08-23T22:13:35","slug":"hornillo-electrico-de-induccion-portatil-pi100-eldom-2000w-18cm-de-diametro","status":"publish","type":"product","link":"https:\/\/eldom.es\/index.php\/producto\/hornillo-electrico-de-induccion-portatil-pi100-eldom-2000w-18cm-de-diametro\/","title":{"rendered":"Hornillo El\u00e9ctrico de Inducci\u00f3n Port\u00e1til, PI100 ELDOM, 2000W, 18cm de Diametro"},"content":{"rendered":"<p>Hornillo El\u00e9ctrico de Inducci\u00f3n Port\u00e1til, PI100 ELDOM, 2000W, 18cm de Diametro<\/p>\n<p>Cocina de inducci\u00f3n: \u00a1conveniencia, ahorro de tiempo y energ\u00eda! Peque\u00f1o, pero moderno y funcional:<\/p>\n<h2>\u00a1El hornillo de inducci\u00f3n PIIT HIIT de la serie Pyszna Collection es una soluci\u00f3n que ser\u00e1 \u00fatil en casa y fuera!<\/h2>\n<p>Le ayudar\u00e1 a cocinar o calentar algo sabroso para usted y sus seres queridos. El horno est\u00e1 destinado a preparar alimentos en platos de inducci\u00f3n. El uso de la tecnolog\u00eda de inducci\u00f3n le permite ahorrar tiempo y energ\u00eda de manera efectiva: en comparaci\u00f3n con los hornos comunes, la olla se calienta aqu\u00ed y no el dispositivo que se utiliza para calentar.<\/p>\n<p>El modelo PI100 HIIT tiene una superficie de calentamiento de gran di\u00e1metro (el tama\u00f1o de la placa calefactora es de 12-18 cm), una pantalla clara y una perilla conveniente para configurar las funciones seleccionadas.<\/p>\n<p>Tambi\u00e9n hay 3 programas de cocci\u00f3n, 8 niveles de potencia y 8 niveles de temperatura. Todos los ajustes se confirman mediante una se\u00f1al de sonido, y el dispositivo se puede detener en cualquier momento con el bot\u00f3n correspondiente. La cocina est\u00e1 hecha de cristal de alta calidad, elegante y f\u00e1cil de usar y limpiar. Tambi\u00e9n tiene un ventilador incorporado que funciona todo el tiempo cuando se enciende y cuando se apaga, funciona hasta que el dispositivo se enfr\u00eda.<\/p>\n<h2>ESPECIFICACI\u00d3N<\/h2>\n<p>control de potencia &#8211; 8 niveles &#8211; (200\/600\/800\/1000\/1200\/1600\/1800\/2000 vatios);<\/p>\n<p>control de temperatura &#8211; 8 niveles (60\/80\/100\/180\/200\/220\/240\/270\u00b0C);<\/p>\n<p>3 programas de cocci\u00f3n opcionales para elegir;<\/p>\n<p>pantalla clara;<\/p>\n<p>f\u00e1cil operaci\u00f3n;<\/p>\n<p>conveniente para limpiar;<\/p>\n<p>gran di\u00e1metro de calentamiento;<\/p>\n<p>tama\u00f1o de la zona de calentamiento 12-18 cm;<\/p>\n<p>cristal de alta calidad;<\/p>\n<p>potencia: 2000W;<\/p>\n<p>Dimensiones del producto (Alto x Profundo x Ancho) 7 x 37,5 x 28,0 cm;<\/p>\n<p>Paquete 9.00 x 32.00 x 40.00 cm<\/p>\n","protected":false},"excerpt":{"rendered":"<p>Hornillo El\u00e9ctrico de Inducci\u00f3n Port\u00e1til, PI100 ELDOM, 2000W, 18cm de Diametro<\/p>\n","protected":false},"featured_media":1068,"comment_status":"open","ping_status":"closed","template":"","meta":[],"product_brand":[],"product_cat":[26,33,130],"product_tag":[40,114,211,210,213,214,212],"class_list":{"0":"post-1067","1":"product","2":"type-product","3":"status-publish","4":"has-post-thumbnail","6":"product_cat-que_nuevo","7":"product_cat-electrodomesticos_de_cocina","8":"product_cat-hogar","9":"product_tag-cocina","10":"product_tag-electrico","11":"product_tag-fuego","12":"product_tag-hornillo","13":"product_tag-induccion","14":"product_tag-programar","15":"product_tag-unico","17":"first","18":"instock","19":"taxable","20":"shipping-taxable","21":"purchasable","22":"product-type-simple"},"aioseo_notices":[],"_links":{"self":[{"href":"https:\/\/eldom.es\/index.php\/wp-json\/wp\/v2\/product\/1067","targetHints":{"allow":["GET"]}}],"collection":[{"href":"https:\/\/eldom.es\/index.php\/wp-json\/wp\/v2\/product"}],"about":[{"href":"https:\/\/eldom.es\/index.php\/wp-json\/wp\/v2\/types\/product"}],"replies":[{"embeddable":true,"href":"https:\/\/eldom.es\/index.php\/wp-json\/wp\/v2\/comments?post=1067"}],"wp:featuredmedia":[{"embeddable":true,"href":"https:\/\/eldom.es\/index.php\/wp-json\/wp\/v2\/media\/1068"}],"wp:attachment":[{"href":"https:\/\/eldom.es\/index.php\/wp-json\/wp\/v2\/media?parent=1067"}],"wp:term":[{"taxonomy":"product_brand","embeddable":true,"href":"https:\/\/eldom.es\/index.php\/wp-json\/wp\/v2\/product_brand?post=1067"},{"taxonomy":"product_cat","embeddable":true,"href":"https:\/\/eldom.es\/index.php\/wp-json\/wp\/v2\/product_cat?post=1067"},{"taxonomy":"product_tag","embeddable":true,"href":"https:\/\/eldom.es\/index.php\/wp-json\/wp\/v2\/product_tag?post=1067"}],"curies":[{"name":"wp","href":"https:\/\/api.w.org\/{rel}","templated":true}]}}