{"id":1058,"date":"2024-08-23T16:11:53","date_gmt":"2024-08-23T16:11:53","guid":{"rendered":"https:\/\/eldom.es\/?post_type=product&#038;p=1058"},"modified":"2024-08-23T16:11:55","modified_gmt":"2024-08-23T16:11:55","slug":"aspiradora-eldom-os900-700-w-de-potencia-filtro-hepa-cable-de-5-m","status":"publish","type":"product","link":"https:\/\/eldom.es\/index.php\/producto\/aspiradora-eldom-os900-700-w-de-potencia-filtro-hepa-cable-de-5-m\/","title":{"rendered":"Aspiradora Eldom OS900, 700 W de potencia, filtro HEPA, cable de 5 m"},"content":{"rendered":"<p>Aspiradora Eldom OS900, 700 W de potencia, filtro HEPA, cable de 5 m<\/p>\n<p>Peque\u00f1o y pr\u00e1ctico! Si desea que su aspiradora sea conveniente y f\u00e1cil de usar, as\u00ed como f\u00e1cil de limpiar y almacenar, \u00a1apueste por el OS900 PEGAZ!<\/p>\n<h2>La aspiradora OS900 est\u00e1 dise\u00f1ada para eliminar el polvo de alfombras, tapetes, cortinas, cortinas y muebles tapizados.<\/h2>\n<p>Tiene un cable de alimentaci\u00f3n largo (5 m), que es f\u00e1cil de ocultar gracias al carrete autom\u00e1tico y dos tubos con una longitud total de 78 cm. Su alcance es de 7.40 m. La aspiraci\u00f3n c\u00f3moda y efectiva de las superficies limpias es proporcionada por: boquilla de cepillo universal y boquilla de doble funci\u00f3n. El modelo OS900 PEGAZ puede estacionarse vertical y horizontalmente, lo que facilita enormemente su uso y almacenamiento. Tambi\u00e9n est\u00e1 equipado con un filtro de alergia HEPA H13 y un indicador de bolsa llena que le permite controlar la cantidad de polvo acumulado en \u00e9l. La aspiradora puede usar tanto una bolsa de lona reutilizable con una capacidad de 1.5 L (incluida) como bolsas desechables modelo Eldom OSW900.<\/p>\n<h2>ESPECIFICACI\u00d3N:<\/h2>\n<p>peque\u00f1o y pr\u00e1ctico<br \/>\ncable de alimentaci\u00f3n largo: 5 m<br \/>\nretractor autom\u00e1tico del cord\u00f3n<br \/>\nfiltro antial\u00e9rgico HEPA H13<br \/>\nBolsa para polvo de lona con capacidad: 1,5 L.<br \/>\nposibilidad de utilizar bolsas desechables<br \/>\nf\u00e1cil operaci\u00f3n<br \/>\ndise\u00f1o compacto<br \/>\nf\u00e1cil de limpiar y almacenar<br \/>\nestacionar la aspiradora horizontal y verticalmente<br \/>\ndos tubos con una longitud total: 78 cm<br \/>\nalcance de la aspiradora: 7,40 m<br \/>\nalta eficiencia de aspiraci\u00f3n en todas las superficies<br \/>\naccesorios:<br \/>\n&#8211; cepillo de succi\u00f3n universal<br \/>\n&#8211; boquilla de doble funci\u00f3n<br \/>\npotencia: 700W<\/p>\n<p>Dimensiones del producto 23.5 x 55.3 x 21 cm,<\/p>\n<p>Dimensiones de la caja 27.00 x 41.00 x 23.50 cm<\/p>\n","protected":false},"excerpt":{"rendered":"<p>Aspiradora Eldom OS900, 700 W de potencia, filtro HEPA, cable de 5 m<\/p>\n<h3><\/h3>\n","protected":false},"featured_media":1059,"comment_status":"open","ping_status":"closed","template":"","meta":[],"product_brand":[],"product_cat":[35,33,130],"product_tag":[206,209,167,123,207,208],"class_list":{"0":"post-1058","1":"product","2":"type-product","3":"status-publish","4":"has-post-thumbnail","6":"product_cat-climatizacion","7":"product_cat-electrodomesticos_de_cocina","8":"product_cat-hogar","9":"product_tag-aspiradora","10":"product_tag-filtro","11":"product_tag-hogar","12":"product_tag-limpieza","13":"product_tag-pequena","14":"product_tag-polvo-cable","16":"first","17":"instock","18":"taxable","19":"shipping-taxable","20":"purchasable","21":"product-type-simple"},"aioseo_notices":[],"_links":{"self":[{"href":"https:\/\/eldom.es\/index.php\/wp-json\/wp\/v2\/product\/1058","targetHints":{"allow":["GET"]}}],"collection":[{"href":"https:\/\/eldom.es\/index.php\/wp-json\/wp\/v2\/product"}],"about":[{"href":"https:\/\/eldom.es\/index.php\/wp-json\/wp\/v2\/types\/product"}],"replies":[{"embeddable":true,"href":"https:\/\/eldom.es\/index.php\/wp-json\/wp\/v2\/comments?post=1058"}],"wp:featuredmedia":[{"embeddable":true,"href":"https:\/\/eldom.es\/index.php\/wp-json\/wp\/v2\/media\/1059"}],"wp:attachment":[{"href":"https:\/\/eldom.es\/index.php\/wp-json\/wp\/v2\/media?parent=1058"}],"wp:term":[{"taxonomy":"product_brand","embeddable":true,"href":"https:\/\/eldom.es\/index.php\/wp-json\/wp\/v2\/product_brand?post=1058"},{"taxonomy":"product_cat","embeddable":true,"href":"https:\/\/eldom.es\/index.php\/wp-json\/wp\/v2\/product_cat?post=1058"},{"taxonomy":"product_tag","embeddable":true,"href":"https:\/\/eldom.es\/index.php\/wp-json\/wp\/v2\/product_tag?post=1058"}],"curies":[{"name":"wp","href":"https:\/\/api.w.org\/{rel}","templated":true}]}}